?
2
Calculate the remainder when 862 is divided by 54.
52
Calculate the remainder when 27 is divided by 7.
6
What is the remainder when 1244 is divided by 33?
23
What is the remainder when 3065 is divided by 219?
218
Calculate the remainder when 837 is divided by 60.
57
What is the remainder when 84 is divided by 29?
26
What is the remainder when 79 is divided by 7?
2
Calculate the remainder when 16 is divided by 4.
0
Calculate the remainder when 601 is divided by 589.
12
What is the remainder when 179 is divided by 20?
19
What is the remainder when 30 is divided by 13?
4
Calculate the remainder when 834 is divided by 138.
6
Calculate the remainder when 389 is divided by 18.
11
What is the remainder when 2106 is divided by 33?
27
Calculate the remainder when 194 is divided by 107.
87
Calculate the remainder when 1534 is divided by 765.
4
What is the remainder when 451 is divided by 206?
39
What is the remainder when 9480 is divided by 186?
180
Calculate the remainder when 486 is divided by 120.
6
Calculate the remainder when 55 is divided by 2.
1
Calculate the remainder when 1159 is divided by 129.
127
What is the remainder when 1438 is divided by 89?
14
Calculate the remainder when 100 is divided by 13.
9
Calculate the remainder when 230 is divided by 104.
22
What is the remainder when 24 is divided by 22?
2
What is the remainder when 89 is divided by 20?
9
Calculate the remainder when 59 is divided by 12.
11
Calculate the remainder when 145 is divided by 25.
20
Calculate the remainder when 231 is divided by 47.
43
What is the remainder when 67 is divided by 4?
3
Calculate the remainder when 4911 is divided by 39.
36
Calculate the remainder when 112 is divided by 34.
10
What is the remainder when 668 is divided by 67?
65
What is the remainder when 148 is divided by 72?
4
Calculate the remainder when 1042 is divided by 95.
92
What is the remainder when 706 is divided by 26?
4
Calculate the remainder when 33 is divided by 8.
1
What is the remainder when 1139 is divided by 19?
18
Calculate the remainder when 138 is divided by 35.
33
Calculate the remainder when 65 is divided by 44.
21
What is the remainder when 3467 is divided by 61?
51
What is the remainder when 710 is divided by 33?
17
What is the remainder when 237 is divided by 67?
36
Calculate the remainder when 475 is divided by 54.
43
Calculate the remainder when 179 is divided by 13.
10
What is the remainder when 57 is divided by 17?
6
What is the remainder when 589 is divided by 585?
4
What is the remainder when 526 is divided by 17?
16
What is the remainder when 697 is divided by 140?
137
Calculate the remainder when 227 is divided by 11.
7
Calculate the remainder when 1904 is divided by 944.
16
Calculate the remainder when 65 is divided by 22.
21
Calculate the remainder when 158 is divided by 42.
32
What is the remainder when 377 is divided by 32?
25
What is the remainder when 672 is divided by 52?
48
What is the remainder when 177 is divided by 13?
8
Calculate the remainder when 229 is divided by 66.
31
What is the remainder when 153 is divided by 46?
15
Calculate the remainder when 1390 is divided by 271.
35
What is the remainder when 1273 is divided by 634?
5
What is the remainder when 3078 is divided by 20?
18
What is the remainder when 1478 is divided by 51?
50
Calculate the remainder when 7282 is divided by 6.
4
What is the remainder when 191 is divided by 120?
71
What is the remainder when 378 is divided by 76?
74
Calculate the remainder when 159 is divided by 75.
9
What is the remainder when 63 is divided by 4?
3
What is the remainder when 687 is divided by 32?
15
What is the remainder when 2936 is divided by 967?
35
What is the remainder when 496 is divided by 124?
0
Calculate the remainder when 2967 is divided by 108.
51
Calculate the remainder when 1028 is divided by 2.
0
What is the remainder when 2025 is divided by 503?
13
Calculate the remainder when 866 is divided by 111.
89
Calculate the remainder when 69 is divided by 19.
12
Calculate the remainder when 11735 is divided by 3906.
17
What is the remainder when 46 is divided by 26?
20
Calculate the remainder when 153 is divided by 48.
9
What is the remainder when 154 is divided by 72?
10
What is the remainder when 288 is divided by 61?
44
Calculate the remainder when 1012 is divided by 26.
24
Calculate the remainder when 125 is divided by 65.
60
What is the remainder when 563 is divided by 183?
14
Calculate the remainder when 461 is divided by 16.
13
Calculate the remainder when 216 is divided by 15.
6
Calculate the remainder when 107 is divided by 19.
12
What is the remainder when 2469 is divided by 103?
100
Calculate the remainder when 153 is divided by 68.
17
What is the remainder when 350 is divided by 59?
55
Calculate the remainder when 1783 is divided by 26.
15
Calculate the remainder when 6807 is divided by 74.
73
What is the remainder when 228 is divided by 55?
8
Calculate the remainder when 532 is divided by 137.
121
Calculate the remainder when 572 is divided by 25.
22
Calculate the remainder when 338 is divided by 119.
100
Calculate the remainder when 1137 is divided by 411.
315
What is the remainder when 520 is divided by 43?
4
Calculate the remainder when 10947 is divided by 83.
74
Calculate the remainder when 195 is divided by 28.
27
Calculate the remainder when 108 is divided by 45.
18
Calculate the remainder when 45 is divided by 17.
11
What is the remainder when 311 is divided by 35?
31
What is the remainder when 160 is divided by 39?
4
What is the remainder when 2494 is divided by 32?
30
What is the remainder when 105 is divided by 9?
6
Calculate the remainder when 397 is divided by 8.
5
What is the remainder when 173 is divided by 22?
19
What is the remainder when 744 is divided by 125?
119
What is the remainder when 742 is divided by 31?
29
What is the remainder when 434 is divided by 243?
191
Calculate the remainder when 202 is divided by 29.
28
Calculate the remainder when 166 is divided by 84.
82
What is the remainder when 10079 is divided by 96?
95
Calculate the remainder when 334 is divided by 24.
22
What is the remainder when 312 is divided by 5?
2
What is the remainder when 7160 is divided by 247?
244
What is the remainder when 452 is divided by 152?
148
What is the remainder when 778 is divided by 47?
26
What is the remainder when 114 is divided by 44?
26
Calculate the remainder when 133 is divided by 31.
9
What is the remainder when 465 is divided by 82?
55
What is the remainder when 683 is divided by 3?
2
Calculate the remainder when 365 is divided by 117.
14
What is the remainder when 695 is divided by 41?
39
Calculate the remainder when 519 is divided by 84.
15
What is the remainder when 613 is divided by 85?
18
Calculate the remainder when 264 is divided by 19.
17
What is the remainder when 150 is divided by 26?
20
What is the remainder when 2390 is divided by 12?
2
What is the remainder when 95 is divided by 24?
23
What is the remainder when 515 is divided by 95?
40
Calculate the remainder when 17463 is divided by 71.
68
What is the remainder when 15605 is divided by 51?
50
Calculate the remainder when 279 is divided by 131.
17
Calculate the remainder when 158 is divided by 5.
3
What is the remainder when 169 is divided by 73?
23
What is the remainder when 350 is divided by 9?
8
What is the remainder when 78 is divided by 10?
8
What is the remainder when 462 is divided by 52?
46
What is the remainder when 2630 is divided by 56?
54
What is the remainder when 376 is divided by 73?
11
What is the remainder when 9260 is divided by 39?
17
What is the remainder when 446 is divided by 14?
12
What is the remainder when 75 is divided by 50?
25
What is the remainder when 3199 is divided by 799?
3
Calculate the remainder when 299 is divided by 106.
87
Calculate the remainder when 7325 is divided by 66.
65
Calculate the remainder when 2088 is divided by 55.
53
Calculate the remainder when 249 is divided by 149.
100
What is the remainder when 2621 is divided by 164?
161
Calculate the remainder when 80 is divided by 28.
24
Calculate the remainder when 706 is divided by 36.
22
Calculate the remainder when 2471 is divided by 79.
22
What is the remainder when 95 is divided by 48?
47
What is the rema